+ 1. Give t(-7).
1
Let u(f) = -7*f - 25. Give u(-5).
10
Let w(c) = -9*c**2 - 6*c - 8. Calculate w(-2).
-32
Let z(j) = 9*j + 373. Calculate z(-43).
-14
Let n(g) = 3*g**2 - 7*g + 1. Calculate n(6).
67
Let k(m) = m**3 - 26*m**2 + 40*m + 19. Calculate k(24).
-173
Let s(n) = -2*n - 9. Give s(8).
-25
Let w(j) = -10*j**2 + 2*j + 7. Determine w(0).
7
Let k(t) = 2*t**2 + 7*t. Give k(-8).
72
Let u(f) = 2*f + 6. Give u(-7).
-8
Let z(l) = l**2 + 8*l + 5. Calculate z(-5).
-10
Let h(k) = k**3 + 17*k**2 + 3*k + 48. Determine h(-17).
-3
Let q(m) = m**3 + 8*m**2 - 7*m + 13. Determine q(-9).
-5
Let f(k) = -k**3 - 11*k**2 - k. Calculate f(-11).
11
Let f(w) = -w**3 + w**2 - w - 4. Calculate f(0).
-4
Let i(s) = s**2 - 83. Give i(0).
-83
Let g(o) = -19*o - 1. Give g(0).
-1
Let h(y) = -y**2 - y + 2. Calculate h(-5).
-18
Let k(r) = -r**2 + 12*r - 38. Determine k(7).
-3
Let v(r) = r**2 + 53*r + 217. Give v(-49).
21
Let q(v) = 17*v + 23. Determine q(-4).
-45
Let g(n) = -12*n. Calculate g(-6).
72
Let f(y) = y**3 - 10*y**2 - 11*y + 5. Give f(11).
5
Let m(a) = 20*a + 1. Calculate m(2).
41
Let g(a) = -a**3 + 3*a**2 + 20*a. What is g(6)?
12
Let c(s) = s**3 + 14*s**2 - 18*s - 16. Determine c(-15).
29
Let x(n) = -n**3 + 3*n**2 - 2*n - 1. Determine x(-3).
59
Let c(i) = -2*i**2 + 21*i - 14. What is c(10)?
-4
Let s(g) = -50*g + 256. What is s(5)?
6
Let n(c) = 19*c**2 + c + 1. Give n(-1).
19
Let b(x) = x + 48. Give b(-15).
33
Let n(k) = -k**2 - 31*k + 35. What is n(-31)?
35
Let b(f) = f**2 + 11*f + 4. Calculate b(-6).
-26
Let j(w) = 7*w**2 - 3*w. Determine j(-3).
72
Let j(i) = i + 1. What is j(-10)?
-9
Let v(x) = x**3 + 7*x**2 - 8*x - 3. Give v(-8).
-3
Let m(f) = -f**3 + 4*f**2 + 7*f + 4. Calculate m(-2).
14
Let j(m) = 2*m**3 + 7*m**2 + 6*m + 4. Calculate j(-2).
4
Let o(h) = -26*h + 246. Determine o(10).
-14
Let s(b) = b**2 + 2*b + 7. Give s(6).
55
Let d(z) = -9*z + 11. Calculate d(5).
-34
Let y(i) = i**2 - 8*i. What is y(10)?
20
Let m(y) = -y**2 + 3*y - 8. What is m(3)?
-8
Let r(n) = n**3 + 4*n**2 + 4*n - 26. What is r(-6)?
-122
Let n(x) = -x**2 - 14*x + 9. What is n(-15)?
-6
Let z(b) = 2*b + 124. Calculate z(-18).
88
Let h(a) = -a**2 - 11*a - 20. Give h(-14).
-62
Let a(l) = l**2 + l + 2. What is a(0)?
2
Let y(i) = -10*i + 176. Give y(18).
-4
Let i(k) = -k**2 - 10*k - 15. What is i(-3)?
6
Let z(i) = i**3 + 3*i**2 - i. Calculate z(-4).
-12
Let r(d) = -d**3 + 4*d**2 - d - 2. Determine r(6).
-80
Let c(k) = k**3 + 18*k**2 + 30*k + 2. Calculate c(-16).
34
Let d(m) = m**2 + 9*m + 3. Calculate d(-6).
-15
Let n(i) = -71*i**3 - i**2 - 3*i - 3. What is n(-1)?
70
Let o(v) = -15*v**3 - v**2 + 2*v - 1. Give o(1).
-15
Let h(p) = 4*p + 19. Determine h(-8).
-13
Let n(w) = w**2 + 8*w + 8. Calculate n(-8).
8
Let q(a) = -a**3 + 2*a - 6. Determine q(-2).
-2
Let j(g) = 5*g + 2. Give j(-5).
-23
Let w(i) = i**3 - 6*i**2 - 8*i + 9. Give w(7).
2
Let b(x) = x + 4. Give b(-9).
-5
Let z(k) = 38*k**3 + k**2 + 4*k + 4. What is z(-1)?
-37
Let h(j) = -5*j**2 - j - 2. Determine h(-1).
-6
Let k(y) = y - 40. Give k(42).
2
Let f(h) = -4*h + 35. Calculate f(7).
7
Let b(w) = -w**3 + 3*w**2 - w + 4. What is b(3)?
1
Let o(b) = -14*b - 45. Determine o(-3).
-3
Let r(n) = 4*n - 67. Calculate r(20).
13
Let o(a) = -11*a + 120. What is o(12)?
-12
Let w(b) = -15*b**2 - 39*b + 22. Calculate w(-3).
4
Let x(p) = -6*p**2 + 6*p + 7. Calculate x(-3).
-65
Let f(s) = s**2 + 6*s - 12. Give f(-7).
-5
Let p(s) = -10*s**2 + 6*s + 11. Give p(-2).
-41
Let w(j) = 52*j + 825. Determine w(-16).
-7
Let k(l) = l**2 + 20*l - 130. Calculate k(-25).
-5
Let n(c) = -c**3 + 35*c**2 + 74*c - 30. Determine n(37).
-30
Let r(k) = k - 15. Calculate r(13).
-2
Let k(h) = -h**3 - 7*h**2 + 6*h - 22. Give k(-8).
-6
Let a(q) = 14*q**3 - q**2 + 2*q - 1. What is a(1)?
14
Let p(h) = -h**3 - 3*h**2 + 5*h + 2. What is p(-4)?
-2
Let g(l) = l - 3. Calculate g(-4).
-7
Let t(f) = -13*f + 53. Give t(8).
-51
Let h(s) = -6*s**2 - 58*s + 56. Determine h(1).
-8
Let y(o) = -o**3 + 12*o**2 + 13*o - 12. Determine y(13).
-12
Let t(k) = 15*k**3 + k**2 - 2*k - 2. What is t(-1)?
-14
Let t(v) = -v**2 - 35*v + 73. Determine t(-37).
-1
Let m(u) = -u**3 - 6*u**2 + 9*u - 1. Give m(-7).
-15
Let v(w) = 5*w - 1. Give v(-3).
-16
Let h(k) = k + 81. Determine h(9).
90
Let d(m) = m**3 - 12*m**2 + 2*m + 4. Calculate d(12).
28
Let z(f) = -5*f + 74. What is z(13)?
9
Let m(b) = -b**2 + 3*b + 111. Determine m(0).
111
Let g(k) = -47*k**2 + k + 1. Give g(-1).
-47
Let b(j) = -j**3 - 12*j**2 - 21*j - 38. Determine b(-10).
-28
Let j(r) = -18*r - 29. Calculate j(4).
-101
Let c(w) = 16*w - 2. Give c(2).
30
Let i(c) = 5*c**2 + 13*c + 12. Give i(-1).
4
Let m(z) = -z + 22. Determine m(19).
3
Let m(b) = 5*b**2 - 62*b + 22. Calculate m(12).
-2
Let q(y) = -59*y + 644. What is q(11)?
-5
Let s(n) = -n**3 - 15*n**2 - 3*n - 33. Calculate s(-15).
12
Let f(m) = m**3 - 5*m**2 - 8*m + 2. Give f(6).
-10
Let v(c) = -c**3 + 7*c**2 + 9*c + 10. What is v(8)?
18
Let a(d) = 5*d + 7. Give a(-3).
-8
Let m(z) = z**2 + 10*z. Give m(-11).
11
Let z(q) = -q - 10. Give z(-15).
5
Let j(s) = s + 58. Calculate j(-64).
-6
Let k(u) = u**3 + 2*u**2 - u + 3. Calculate k(-2).
5
Let x(z) = z**3 + 8*z**2 + 8*z + 6. Determine x(-7).
-1
Let n(v) = -v**3 + 7*v**2 + 8*v - 11. Calculate n(8).
-11
Let i(x) = -x**2 + 14*x - 14. What is i(11)?
19
Let c(x) = x**2 - 14*x + 12. What is c(13)?
-1
Let c(u) = -u + 10. Calculate c(12).
-2
Let q(p) = p**3 + 36*p**2 + 34*p - 11. Give q(-35).
24
Let w(b) = b**3 - 5*b**2 - b + 4. Determine w(3).
-17
Let q(h) = 20*h + 4. Calculate q(1).
24
Let a(y) = y**3 + 5*y**2 + 2*y - 4. What is a(-3)?
8
Let b(f) = -16*f**2 - 30*f + 64. Give b(2).
-60
Let c(l) = -l**3 - 6*l**2 - 2*l + 1. Give c(-6).
13
Let b(o) = -5*o**2 + 14*o + 6. Give b(3).
3
Let r(p) = -p + 13. Give r(14).
-1
Let n(y) = 3*y - 25. Determine n(5).
-10
Let h(n) = n**3 + 6*n**2 - 11*n - 7. Determine h(-8).
-47
Let t(u) = -u**3 + 6*u**2 + 11*u - 10. Determine t(7).
18
Let v(r) = 14*r + 34. Determine v(-2).
6
Let g(j) = -43*j**2 - j + 2. Determine g(1).
-42
Let b(k) = 7*k + 2. What is b(-3)?
-19
Let o(r) = 2*r**3 - 12*r**2 + 10*r + 1. Calculate o(5).
1
Let d(w) = -13*w**2 - 39*w - 3. Determine d(-3).
-3
Let y(m) = 5*m**2 - 33*m + 22. Calculate y(6).
4
Let m(g) = g + 6. What is m(6)?
12
Let g(i) = -17*i**2 - 3*i - 2. What is g(-1)?
-16
Let d(m) = -8*m - 20. Give d(-4).
12
Let r(v) = -v**3 - 10*v**2 + 39*v + 1. Calculate r(-13).
1
Let g(a) = -a**3 + 9*a**2 - 13*a + 18. Calculate g(8).
-22
Let q(n) = -n**3 + n**2 + n - 1. What is q(1)?
0
Let w(n) = n + 3. Give w(-6).
-3
Let q(y) = 2*y**3 - 17*y**2 + 7*y + 15. Determine q(8).
7
Let h(p) = -p**2 - 8*p - 1. Give h(-8).
-1
Let a(l) = -l**2 + 32*l - 61. Determine a(30).
-1
Let s(r) = 5*r - 22. Determine s(7).
13
Let g(o) = -5*o - 102. Give g(-20).
-2
Let j(p) = 13*p - 52. Determine j(7).
39
Let b(u) = -17*u**3 + u**2 - u + 1. What is b(1)?
-16
Let t(n) = 2*n**2 - 33*n - 61. Give t(18).
-7
Let x(f) = -3*f - 10. Give x(-7).
11
Let o(f) = 2*f**2 - 35*f + 1. Calculate o(17).
-16
Let l(y) = y**3 + 5*y**2 + 4*y + 8. Give l(-4).
8
Let w(o) = 30*o + 1025. Give w(-34).
5
Let q(l) = -7*l**2 + 6*l + 9. Calculate q(-2).
-31
Let x(a) = -2*a - 67. Determine x(0).
-67
Let v(n) = n**3 + 6*n**2 - 5*n - 5. Determine v(-7).
-19
Let o(j) = -j - 11. What is o(5)?
-16
Let p(o) = -3*o - 68. What is p(-25)?
7
Let x(h) = 14*h + 40. Calculate x(-2).
12
Let v(k) = -k + 11. What is v(-3)?
14
Let k(q) = q**3 - 11*q**2 + 8*q + 24. Calculate k(10).
4
Let k(q) = -11*q**2 + 72*q - 8. Determine k(6).
28
Let t(j) = -16*j**2 + 80*j + 16. Determine t(5).
16
Let p(q) = q**3 + 6*q**2 - 5*q - 43. Determine p(-6).
-13
Let q(p) = -10*p**3 + 5*p**2 - 7*p + 7. Determine q(2).
-67
Let d(q) = -7*q**2 - 6*q - 3. Give d(-2).
-19
Let v(q) = 5*q**2 + 3*q + 2. Calculate v(-3).
38
Let b(u) = -u + 13. What is b(28)?
-15
Let w(t) = -3*t**2 - 15*t - 2. What is w(-6)?
-20
Let m(t) = 51*t + 244. Give m(-5).
-11
Let m(r) = r - 12. Calculate m(10).
-2
Let i(j) = -j**2 + 2*j + 6. Calculate i(4).
-2
Let t(s) = s**2 + 3*s - 160. Give t(11).
-6
Let o(u) = -u + 46. What is o(12)?
34
Let b(j) = 2*j**3 + 3*j**2 + 4*j - 7. Give b(2).
29
Let i(r) = 13*r + 2. Determine i(7).
93
Let h(a) = a - 8. Calculate h(8).
0
Let n(x) = -3*x**2 - 15*x - 20. Give n(-3).
-2
Let z(r) = -3*r**2 + 